thousands digit of 871847206?
8
What is the ten thousands digit of 649294?
4
What is the tens digit of 4222908707?
0
What is the ten millions digit of 33208110?
3
What is the ten thousands digit of 58442899?
4
What is the hundreds digit of 4302816193?
1
What is the hundred thousands digit of 5306670718?
6
What is the tens digit of 62666624?
2
What is the ten thousands digit of 4571658298?
5
What is the ten millions digit of 288648611?
8
What is the hundred thousands digit of 716496803?
4
What is the billions digit of 1120829017?
1
What is the ten millions digit of 253663296?
5
What is the hundreds digit of 665356107?
1
What is the units digit of 66456597?
7
What is the hundred thousands digit of 38978786?
9
What is the hundreds digit of 564373152?
1
What is the hundreds digit of 13018524?
5
What is the tens digit of 1135664776?
7
What is the hundred thousands digit of 35390190?
3
What is the tens digit of 141583421?
2
What is the hundred millions digit of 105048708?
1
What is the millions digit of 1377077546?
7
What is the hundred thousands digit of 396745687?
7
What is the millions digit of 190560125?
0
What is the hundreds digit of 295601502?
5
What is the ten millions digit of 251013669?
5
What is the hundreds digit of 46868738?
7
What is the millions digit of 90382588?
0
What is the units digit of 877754200?
0
What is the millions digit of 149214971?
9
What is the thousands digit of 74003840?
3
What is the hundreds digit of 1932800477?
4
What is the hundred millions digit of 187426057?
1
What is the ten thousands digit of 313852683?
5
What is the ten millions digit of 18874052?
1
What is the units digit of 450048395?
5
What is the ten millions digit of 24912489?
2
What is the hundred millions digit of 1820126782?
8
What is the ten thousands digit of 1875770744?
7
What is the ten millions digit of 1766549242?
6
What is the tens digit of 73396836?
3
What is the hundreds digit of 44550203?
2
What is the hundred millions digit of 328212956?
3
What is the units digit of 138819881?
1
What is the tens digit of 192833370?
7
What is the hundreds digit of 950056378?
3
What is the units digit of 859925895?
5
What is the tens digit of 327656016?
1
What is the hundreds digit of 3434128026?
0
What is the hundreds digit of 187568967?
9
What is the millions digit of 3387429?
3
What is the ten millions digit of 879364262?
7
What is the tens digit of 319500242?
4
What is the hundred thousands digit of 92831200?
8
What is the hundred thousands digit of 1952261781?
2
What is the tens digit of 2525051327?
2
What is the millions digit of 401372208?
1
What is the millions digit of 284557951?
4
What is the ten thousands digit of 518817315?
1
What is the ten millions digit of 57301079?
5
What is the units digit of 13058723?
3
What is the ten millions digit of 2232411585?
3
What is the millions digit of 3714956491?
4
What is the millions digit of 45614538?
5
What is the hundred millions digit of 2976377046?
9
What is the millions digit of 1566378?
1
What is the ten millions digit of 2082617913?
8
What is the ten millions digit of 16281818?
1
What is the hundreds digit of 114578237?
2
What is the ten millions digit of 67677145?
6
What is the tens digit of 35984277?
7
What is the hundred thousands digit of 635232007?
2
What is the thousands digit of 151741009?
1
What is the ten thousands digit of 290287201?
8
What is the units digit of 45101138?
8
What is the millions digit of 1607068216?
7
What is the millions digit of 401234102?
1
What is the tens digit of 203153362?
6
What is the hundreds digit of 28436588?
5
What is the hundred millions digit of 1106207093?
1
What is the units digit of 2392846896?
6
What is the ten thousands digit of 3981920?
8
What is the hundred millions digit of 3164191486?
1
What is the ten thousands digit of 39927757?
2
What is the ten millions digit of 100565538?
0
What is the thousands digit of 2876623625?
3
What is the millions digit of 602392951?
2
What is the ten thousands digit of 77226328?
2
What is the millions digit of 5692540706?
2
What is the hundreds digit of 7936614768?
7
What is the hundred millions digit of 688571042?
6
What is the ten millions digit of 52818893?
5
What is the hundred millions digit of 974462361?
9
What is the hundred thousands digit of 483055871?
0
What is the hundred thousands digit of 565817355?
8
What is the hundred millions digit of 346194407?
3
What is the tens digit of 3085949825?
2
What is the ten millions digit of 4563336239?
6
What is the ten thousands digit of 59908924?
0
What is the millions digit of 171925661?
1
What is the units digit of 67567381?
1
What is the ten thousands digit of 295076723?
7
What is the units digit of 995734385?
5
What is the ten millions digit of 445612959?
4
What is the billions digit of 2695682690?
2
What is the ten thousands digit of 2303412359?
1
What is the hundred thousands digit of 4892887827?
8
What is the tens digit of 1049662777?
7
What is the hundred millions digit of 194354627?
1
What is the units digit of 55606721?
1
What is the hundreds digit of 57192566?
5
What is the hundred thousands digit of 31216050?
2
What is the hundred thousands digit of 22029923?
0
What is the thousands digit of 111561808?
1
What is the tens digit of 149427140?
4
What is the millions digit of 13202389?
3
What is the hundred thousands digit of 838746052?
7
What is the hundred millions digit of 780413033?
7
What is the hundreds digit of 58434051?
0
What is the tens digit of 51202357?
5
What is the thousands digit of 4930230886?
0
What is the hundred thousands digit of 258988819?
9
What is the tens digit of 48493095?
9
What is the units digit of 149071546?
6
What is the hundreds digit of 2104014645?
6
What is the units digit of 3620833844?
4
What is the units digit of 48459937?
7
What is the tens digit of 3901102749?
4
What is the hundreds digit of 789553430?
4
What is the millions digit of 65378871?
5
What is the hundred thousands digit of 3608179?
6
What is the thousands digit of 1105751079?
1
What is the hundred thousands digit of 69312073?
3
What is the ten thousands digit of 47348079?
4
What is the millions digit of 231998287?
1
What is the ten thousands digit of 39906687?
0
What is the hundreds digit of 120226727?
7
What is the tens digit of 3529426082?
8
What is the ten millions digit of 1360407837?
6
What is the tens digit of 2379172588?
8
What is the thousands digit of 55284538?
4
What is the ten thousands digit of 8428047099?
4
What is the ten millions digit of 42875984?
4
What is the thousands digit of 4234047957?
7
What is the hundreds digit of 63623838?
8
What is the billions digit of 4284081800?
4
What is the millions digit of 929527121?
9
What is the hundred thousands digit of 3066711086?
7
What is the thousands digit of 80749857?
9
What is the tens digit of 1891837817?
1
What is the ten thousands digit of 372702857?
0
What is the tens digit of 901853498?
9
What is the hundred thousands digit of 2748914768?
9
What is the hundred millions digit of 241773806?
2
What is the hundreds digit of 102797944?
9
What is the billions digit of 1308865693?
1
What is the billions digit of 6927661139?
6
What is the ten thousands digit of 44134933?
3
What is the ten thousands digit of 70353433?
5
What is the units digit of 487433701?
1
What is the millions digit of 67695500?
7
What is the millions digit of 192465475?
2
What is the hundreds digit of 4533515151?
1
What is the tens digit of 3067496047?
4
What is the hundreds digit of 1002797765?
7
What is the units digit of 160694472?
2
What is the tens digit of 59022190?
9
What is the units digit of 368667264?
4
What is the hundred thousands digit of 387328907?
3
What is the ten thousands digit of 277985223?
8
What is the thousands digit of 88666274?
6
What is the hundred thousands digit of 110862330?
8
What is the ten thousands digit of 1216802867?
0
What is the tens digit of 21080695?
9
What is the millions digit of 561650851?
1
What is the thousands digit of 737684744?
4
What is the thousands digit of 101480428?
0
What is the thousands digit of 587749999?
9
What is the millions digit of 154712534?
4
What is the ten thousands digit of 54111466?
1
What is the hundreds digit of 789625590?
5
What is the hundreds digit of 225119621?
6
Wha